n factor of 31 and 8728?
1
What is the greatest common factor of 888 and 150183?
111
Calculate the highest common divisor of 23244 and 429.
39
Calculate the greatest common divisor of 159200 and 176.
16
What is the highest common divisor of 1215 and 19683?
243
What is the highest common divisor of 20 and 233300?
20
What is the highest common divisor of 16478 and 856?
214
Calculate the highest common factor of 115713 and 195.
39
Calculate the greatest common divisor of 68635 and 2968.
371
Calculate the greatest common factor of 182 and 148642.
26
What is the highest common factor of 11 and 82357?
11
Calculate the greatest common divisor of 117240 and 160.
40
Calculate the highest common divisor of 3381 and 21252.
483
Calculate the highest common divisor of 5626 and 2088.
58
Calculate the greatest common divisor of 48915 and 155.
5
Calculate the greatest common factor of 1360 and 44560.
80
Calculate the highest common factor of 203 and 221879.
203
Calculate the greatest common factor of 225 and 92450.
25
What is the greatest common factor of 20466 and 972?
54
What is the highest common factor of 38524 and 8?
4
What is the highest common factor of 481 and 473187?
13
Calculate the highest common divisor of 427674 and 208.
26
What is the highest common divisor of 20155 and 580?
145
What is the highest common factor of 1443640 and 510?
170
What is the highest common divisor of 9287 and 7807?
37
Calculate the greatest common divisor of 25 and 3715.
5
What is the highest common divisor of 324 and 1068?
12
Calculate the greatest common factor of 76056 and 40.
8
Calculate the highest common factor of 128 and 1661120.
64
What is the highest common divisor of 36 and 65961?
9
Calculate the highest common factor of 3500 and 4100.
100
What is the highest common factor of 689 and 57611?
53
Calculate the greatest common divisor of 4575 and 4350.
75
Calculate the greatest common factor of 56 and 9098.
2
Calculate the highest common divisor of 2 and 4594.
2
What is the greatest common factor of 671826 and 902?
82
What is the highest common factor of 33 and 131604?
33
Calculate the highest common divisor of 18 and 1584.
18
What is the highest common factor of 19 and 8828597?
19
Calculate the highest common divisor of 33 and 1330.
1
Calculate the greatest common divisor of 86 and 56846.
86
Calculate the highest common divisor of 99561 and 66.
33
Calculate the highest common factor of 149581 and 101.
101
Calculate the highest common factor of 11 and 866833.
11
What is the greatest common factor of 3513800 and 20?
20
Calculate the highest common factor of 343952 and 518.
518
What is the highest common divisor of 800 and 162976?
32
Calculate the highest common factor of 1034 and 11938.
94
What is the greatest common factor of 92376 and 72?
72
Calculate the greatest common divisor of 20 and 2780.
20
Calculate the highest common factor of 151116 and 2352.
588
What is the highest common divisor of 1252111 and 7?
7
What is the highest common factor of 7791238 and 259?
259
What is the highest common factor of 2414515 and 1028?
257
Calculate the greatest common divisor of 9 and 380457.
9
Calculate the highest common factor of 2501 and 107848.
61
What is the highest common divisor of 873 and 574725?
291
Calculate the highest common divisor of 255 and 111605.
85
What is the highest common divisor of 18820 and 60?
20
What is the greatest common factor of 9483 and 87?
87
Calculate the highest common divisor of 240 and 110730.
30
Calculate the highest common divisor of 20659 and 584.
73
What is the highest common factor of 19573 and 184?
23
Calculate the highest common factor of 468 and 15138.
18
What is the highest common divisor of 17094 and 273?
21
What is the greatest common divisor of 9846025 and 70?
35
What is the highest common divisor of 1007 and 1674641?
1007
What is the highest common factor of 85 and 374238?
17
What is the highest common factor of 136 and 171751?
17
Calculate the highest common divisor of 918175 and 475.
475
Calculate the greatest common factor of 60 and 37020.
60
Calculate the greatest common factor of 1920 and 16384.
128
What is the highest common factor of 23033700 and 1347?
1347
What is the highest common divisor of 879303 and 2943?
327
What is the highest common factor of 1649 and 5626?
97
What is the highest common divisor of 17549 and 25277?
161
What is the highest common divisor of 96 and 262308?
12
Calculate the highest common factor of 38 and 274588.
38
Calculate the highest common divisor of 1443830 and 40.
10
Calculate the highest common factor of 420 and 567.
21
What is the greatest common divisor of 59 and 250927?
59
What is the greatest common divisor of 313 and 67608?
313
Calculate the greatest common divisor of 165 and 22704.
33
What is the greatest common factor of 20815 and 5792?
181
What is the highest common divisor of 1026 and 401490?
54
Calculate the greatest common divisor of 12496 and 1507.
11
What is the greatest common factor of 40576 and 317?
317
Calculate the greatest common factor of 6576 and 48.
48
What is the highest common divisor of 509643 and 765?
153
Calculate the greatest common divisor of 250591 and 1881.
209
Calculate the greatest common divisor of 609260 and 1230.
410
Calculate the highest common divisor of 7087 and 854543.
373
Calculate the greatest common factor of 710 and 129575.
355
What is the greatest common factor of 1547656 and 3311?
473
What is the greatest common divisor of 160 and 68740?
20
What is the highest common factor of 50 and 3798825?
25
Calculate the greatest common divisor of 11424 and 14448.
336
What is the highest common divisor of 64 and 637384?
8
Calculate the highest common factor of 12 and 287360.
4
What is the highest common divisor of 152 and 92?
4
Calculate the highest common factor of 1316 and 72004.
188
Calculate the greatest common divisor of 33264 and 880.
176
What is the highest common divisor of 9128 and 3304?
56
What is the greatest common divisor of 13087 and 253?
23
What is the greatest common factor of 11700 and 2020?
20
Calculate the greatest common factor of 390788 and 1359.
151
Calculate the greatest common divisor of 78 and 1461603.
39
Calculate the greatest common divisor of 7620 and 60.
60
What is the greatest common divisor of 880 and 34760?
440
What is the highest common factor of 3135 and 33155?
95
What is the highest common divisor of 1315 and 95?
5
What is the greatest common factor of 327 and 4667489?
109
What is the highest common divisor of 168506 and 52?
26
What is the greatest common factor of 200 and 19848?
8
Calculate the greatest common factor of 2987 and 38135.
29
What is the greatest common factor of 5752 and 455846?
1438
What is the greatest common divisor of 544 and 108256?
544
What is the highest common divisor of 10980 and 7020?
180
What is the highest common factor of 18101 and 713?
23
What is the greatest common factor of 396 and 24772?
44
Calculate the highest common divisor of 20 and 788332.
4
Calculate the highest common factor of 8787 and 2001.
87
What is the highest common divisor of 5952 and 218304?
192
What is the highest common factor of 8282 and 127462?
202
What is the greatest common factor of 10461 and 19337?
317
What is the highest common divisor of 20 and 603630?
10
Calculate the greatest common divisor of 105429 and 3955.
113
What is the highest common factor of 24587 and 115?
23
What is the highest common divisor of 348 and 15022?
58
Calculate the greatest common divisor of 47545 and 42920.
185
What is the highest common factor of 968 and 25531?
121
Calculate the highest common factor of 164916 and 1296.
324
Calculate the greatest common divisor of 1180 and 6680.
20
Calculate the highest common divisor of 2890110 and 30.
30
What is the highest common factor of 724 and 496?
4
What is the highest common divisor of 3600 and 23184?
144
Calculate the highest common factor of 533577 and 4255.
851
Calculate the highest common factor of 228 and 40318.
38
What is the greatest common factor of 5909 and 57?
19
What is the highest common divisor of 3828208 and 32?
16
Calculate the highest common divisor of 3444 and 2478.
42
Calculate the highest common factor of 314 and 502714.
314
Calculate the highest common factor of 100 and 42725.
25